
Calculate the remainder when 3304170 is divided by 29.
26
Calculate the remainder when 3548388 is divided by 98566.
12
Calculate the remainder when 167983 is divided by 160.
143
What is the remainder when 1603462 is divided by 534482?
16
What is the remainder when 17211559 is divided by 2868592?
7
What is the remainder when 4936836 is divided by 816?
36
What is the remainder when 4729024 is divided by 1182255?
4
What is the remainder when 437625 is divided by 1416?
81
What is the remainder when 644286 is divided by 19?
15
Calculate the remainder when 2236542 is divided by 121.
99
What is the remainder when 643527 is divided by 2072?
1207
What is the remainder when 51736 is divided by 5782?
5480
Calculate the remainder when 43596570 is divided by 6228077.
31
Calculate the remainder when 22225 is divided by 21955.
270
Calculate the remainder when 183465087 is divided by 9100.
9087
Calculate the remainder when 1215972 is divided by 4639.
554
What is the remainder when 463782 is divided by 825?
132
Calculate the remainder when 23491846 is divided by 291.
289
What is the remainder when 512378 is divided by 77?
20
Calculate the remainder when 18173745 is divided by 982.
853
What is the remainder when 16341348 is divided by 1704?
1692
Calculate the remainder when 1152500 is divided by 10020.
200
What is the remainder when 2748282 is divided by 26174?
12
What is the remainder when 25384517 is divided by 19?
4
What is the remainder when 9804 is divided by 6111?
3693
What is the remainder when 740365 is divided by 158?
135
Calculate the remainder when 16524137 is divided by 21.
14
Calculate the remainder when 3552917 is divided by 367.
357
Calculate the remainder when 5515913 is divided by 459647.
149
Calculate the remainder when 1525573 is divided by 70.
63
What is the remainder when 77496 is divided by 1516?
180
What is the remainder when 2004945 is divided by 1413?
1311
Calculate the remainder when 37517982 is divided by 133.
12
Calculate the remainder when 741728 is divided by 705.
68
What is the remainder when 338797 is divided by 312?
277
Calculate the remainder when 49592 is divided by 5455.
497
Calculate the remainder when 7543942 is divided by 29.
27
Calculate the remainder when 420904 is divided by 26301.
88
What is the remainder when 845724 is divided by 93966?
30
Calculate the remainder when 4359043 is divided by 69191.
10
Calculate the remainder when 42420 is divided by 2662.
2490
What is the remainder when 1892642 is divided by 249?
242
What is the remainder when 1248797 is divided by 11893?
32
Calculate the remainder when 810570 is divided by 124.
106
What is the remainder when 2660787 is divided by 886926?
9
Calculate the remainder when 584644 is divided by 584564.
80
Calculate the remainder when 387097 is divided by 88.
73
What is the remainder when 349065209 is divided by 1152?
1145
What is the remainder when 48192 is divided by 3016?
2952
What is the remainder when 82546768 is divided by 5736?
5728
Calculate the remainder when 95231 is divided by 47.
9
Calculate the remainder when 523833 is divided by 16892.
181
Calculate the remainder when 313147 is divided by 156484.
179
Calculate the remainder when 3924375 is divided by 273.
0
What is the remainder when 319640 is divided by 45644?
132
What is the remainder when 69098674 is divided by 13?
8
Calculate the remainder when 123051704 is divided by 136.
128
What is the remainder when 83481722 is divided by 181?
178
What is the remainder when 895266 is divided by 81333?
603
Calculate the remainder when 100418 is divided by 50202.
14
Calculate the remainder when 11890690 is divided by 46.
12
Calculate the remainder when 157664370 is divided by 503720.
10
What is the remainder when 94219819 is divided by 1223634?
1
Calculate the remainder when 1916705 is divided by 76641.
680
Calculate the remainder when 35796097 is divided by 622.
619
Calculate the remainder when 3027372 is divided by 44.
40
Calculate the remainder when 517042 is divided by 17234.
22
Calculate the remainder when 180107 is divided by 180103.
4
Calculate the remainder when 309447 is divided by 3251.
602
Calculate the remainder when 268572 is divided by 1566.
786
Calculate the remainder when 17850 is divided by 6299.
5252
Calculate the remainder when 38588612 is divided by 1334.
1328
Calculate the remainder when 1766824 is divided by 2641.
2636
Calculate the remainder when 23688802 is divided by 2838.
16
Calculate the remainder when 2596772 is divided by 117.
74
What is the remainder when 45108382 is divided by 7472?
7390
What is the remainder when 35137 is divided by 1975?
1562
What is the remainder when 67882095 is divided by 1029?
1023
What is the remainder when 366710 is divided by 3901?
16
Calculate the remainder when 52234 is divided by 230.
24
Calculate the remainder when 1182382 is divided by 1726.
72
What is the remainder when 192789739 is divided by 286?
285
Calculate the remainder when 160288 is divided by 694.
668
What is the remainder when 4642992 is divided by 331642?
4
What is the remainder when 8193538 is divided by 4096714?
110
Calculate the remainder when 1308069 is divided by 5787.
207
Calculate the remainder when 334114 is divided by 159.
55
What is the remainder when 116286807 is divided by 29?
26
Calculate the remainder when 14241 is divided by 8608.
5633
Calculate the remainder when 411855 is divided by 411843.
12
What is the remainder when 2789689 is divided by 14089?
67
Calculate the remainder when 3923664 is divided by 771.
45
Calculate the remainder when 138493496 is divided by 1505364.
8
Calculate the remainder when 821669 is divided by 164.
29
What is the remainder when 7038574 is divided by 43?
33
What is the remainder when 9756461 is divided by 38?
37
Calculate the remainder when 31786727 is divided by 1001.
973
Calculate the remainder when 262973930 is divided by 17.
12
What is the remainder when 2400976 is divided by 200073?
100
What is the remainder when 1543300 is divided by 513908?
1576
What is the remainder when 3152297 is divided by 35821?
49
Calculate the remainder when 655728 is divided by 264.
216
What is the remainder when 1054972 is divided by 469?
191
What is the remainder when 2256169 is divided by 39?
19
Calculate the remainder when 4333836 is divided by 4333827.
9
What is the remainder when 8594 is divided by 265?
114
Calculate the remainder when 260742240 is divided by 65023.
10
Calculate the remainder when 23499952 is divided by 362.
360
Calculate the remainder when 224613 is divided by 178.
155
What is the remainder when 1454211 is divided by 2469?
2439
What is the remainder when 3247299 is divided by 1092?
783
What is the remainder when 2247652 is divided by 25834?
94
Calculate the remainder when 6471 is divided by 77.
3
Calculate the remainder when 2073093 is divided by 17713.
672
What is the remainder when 367138 is divided by 234?
226
What is the remainder when 217276 is divided by 2335?
121
Calculate the remainder when 14735 is divided by 6646.
1443
Calculate the remainder when 196928 is divided by 49155.
308
Calculate the remainder when 196048 is divided by 797.
783
What is the remainder when 1982819 is divided by 37?
26
Calculate the remainder when 1234439 is divided by 3598.
325
Calculate the remainder when 26010 is divided by 12967.
76
Calculate the remainder when 15436 is divided by 148.
44
Calculate the remainder when 107140842 is divided by 26.
16
Calculate the remainder when 163139 is divided by 14816.
163
Calculate the remainder when 47478777 is divided by 3824.
3817
What is the remainder when 572407 is divided by 5?
2
Calculate the remainder when 178669 is divided by 17367.
4999
What is the remainder when 257353 is divided by 99?
52
Calculate the remainder when 113692 is divided by 12311.
2893
Calculate the remainder when 1759041 is divided by 1972.
17
Calculate the remainder when 439221592 is divided by 12370.
2
What is the remainder when 43780 is divided by 43742?
38
Calculate the remainder when 2628435 is divided by 1059.
1056
Calculate the remainder when 130711 is divided by 21706.
475
Calculate the remainder when 10772923 is divided by 46.
45
Calculate the remainder when 242736 is divided by 40221.
1410
Calculate the remainder when 705796317 is divided